k + 5892. What is x(39)?
3
Let v(z) = 2*z**3 + 61*z**2 + 144*z + 139. What is v(-28)?
27
Let x(r) = 667*r**2 + 1998*r - 16. Determine x(-3).
-7
Let c(g) = -g**3 + 15*g**2 + 16*g - 289. What is c(14)?
131
Let c(k) = -k**2 - 74*k + 301. Determine c(-78).
-11
Let f(t) = 2*t**2 + 844*t - 6845. Calculate f(8).
35
Let o(t) = -t**3 - 126*t**2 - 488*t - 1. Give o(-122).
-1
Let r(j) = -16*j**2 - 57*j - 11. Give r(-5).
-126
Let c(k) = 2*k**3 - 87*k**2 + 46*k - 24. Calculate c(43).
105
Let j(f) = f**3 - 7*f**2 - 22*f - 1. What is j(8)?
-113
Let p(t) = -t**3 + 83*t**2 + 4*t - 429. Give p(83).
-97
Let r(z) = -z**2 + 38*z + 240. Determine r(47).
-183
Let m(q) = q**2 + 114*q + 2742. Calculate m(-81).
69
Let y(z) = -775*z - 7763. Determine y(-10).
-13
Let s(i) = 150*i + 752. Give s(-5).
2
Let a(c) = 3*c**2 + 35*c + 75. Give a(-9).
3
Let s(c) = -c**2 - 12*c - 9. Give s(-13).
-22
Let u(v) = -v**3 - 92*v**2 + 90*v - 265. Calculate u(-93).
14
Let v(i) = 2*i**3 - 30*i**2 + 9*i + 76. Calculate v(14).
-190
Let y(u) = -u**3 - 2*u**2 - u - 187. Determine y(0).
-187
Let c(u) = -2*u**2 + 62*u - 48. What is c(31)?
-48
Let y(b) = -b**2 - 7*b + 31. Determine y(-7).
31
Let j(s) = 82*s**2 - 661*s + 42. Give j(8).
2
Let o(s) = 35*s**2 - 8*s - 3. Give o(1).
24
Let d(s) = -997*s + 5421. Calculate d(5).
436
Let i(q) = -1053*q + 36863. Give i(35).
8
Let i(h) = h**3 - 17*h**2 - 140*h + 4. Give i(23).
-42
Let s(p) = -24*p + 4. Calculate s(-13).
316
Let f(z) = -z**3 - 7*z**2 + 57*z - 80. Give f(-12).
-44
Let q(i) = 2*i**3 - 44*i**2 - 2*i + 44. What is q(22)?
0
Let j(w) = -2*w**3 + 46*w**2 - 79*w + 769. Give j(22).
-1
Let p(g) = -22*g - 134. Determine p(0).
-134
Let i(x) = 7*x**3 - 64*x**2 + 22*x - 19. Determine i(9).
98
Let o(x) = 12431*x + 609125. Give o(-49).
6
Let q(i) = -3*i**2 + 129*i + 6. What is q(43)?
6
Let x(p) = 4672*p - 14001. What is x(3)?
15
Let s(h) = 3*h**3 + 113*h**2 - 37*h + 28. Calculate s(-38).
-10
Let p(o) = 46*o**2 + 3264*o - 143. Determine p(-71).
-1
Let q(n) = 2*n**3 + 398*n**2 - 13*n - 2606. What is q(-199)?
-19
Let g(k) = -2*k**3 - 13*k**2 + 351*k - 111. Calculate g(-17).
-9
Let w(g) = -g**3 - 21*g**2 - 30*g + 181. What is w(-19)?
29
Let v(a) = -8*a**2 - 136*a + 88. Give v(-18).
-56
Let j(q) = -76*q - 1883. Give j(-25).
17
Let a(x) = 2*x**3 - 23*x**2 + 67*x + 14. Determine a(5).
24
Let x(q) = q**3 + 6*q**2 - 28*q - 15. What is x(6)?
249
Let l(p) = 32*p**2 - 69*p + 34. Calculate l(0).
34
Let h(u) = 24*u**3 + 17*u**2 + 5*u + 5. Give h(-1).
-7
Let r(q) = q**2 + 14*q - 96. Determine r(-11).
-129
Let y(c) = -5*c**2 - 72*c - 33. Determine y(-14).
-5
Let l(s) = -3*s**3 - 8*s**2 - 118*s - 231. Give l(-2).
-3
Let z(x) = 7*x**2 - 74*x + 133. Give z(8).
-11
Let f(q) = -q + 36. Give f(36).
0
Let h(f) = -39*f - 35. Determine h(1).
-74
Let f(r) = -6*r**2 - 352*r - 1180. Determine f(-55).
30
Let t(r) = r**3 - 14*r**2 + 14*r + 12. Give t(13).
25
Let v(w) = -2*w**2 + 160*w - 899. Determine v(74).
-11
Let t(k) = -k**3 - 10*k**2 + 44*k + 43. Calculate t(4).
-5
Let w(v) = v**3 - 14*v**2 + 67*v - 111. Determine w(6).
3
Let r(u) = u**3 - 13*u**2 - 1939*u + 32. Determine r(51).
-19
Let g(h) = -h**2 + 382. Determine g(-19).
21
Let l(o) = -5*o**3 + 8*o**2 + 8*o - 5. What is l(2)?
3
Let l(s) = -s**2 - 3*s + 124. Give l(8).
36
Let i(v) = -v**3 - 5*v**2 - 10*v + 40. Give i(-6).
136
Let y(x) = -x**3 + 19*x**2 - x + 24. Determine y(19).
5
Let k(v) = 2*v**3 + 705*v**2 - 1785*v - 3543. Determine k(-355).
7
Let s(n) = n**3 + 23*n**2 + 26*n + 9. Calculate s(-22).
-79
Let q(j) = 3*j**3 - 14*j**2 + 94*j - 5. Determine q(5).
490
Let v(z) = -3*z**3 + 65*z**2 + 21*z + 11. What is v(22)?
-11
Let v(f) = 1403*f + 15433. Give v(-11).
0
Let b(c) = -c**2 - 2*c - 62. Determine b(-12).
-182
Let q(d) = 141*d + 3577. Give q(-26).
-89
Let x(d) = 16*d**2 - 188*d - 42. What is x(12)?
6
Let r(f) = 9*f**2 + 97*f - 142. Determine r(-12).
-10
Let y(u) = -2*u**3 - 39*u**2 - 13*u + 17. Give y(-19).
-97
Let a(b) = 17*b + 44. What is a(-6)?
-58
Let f(w) = -2*w**3 + 86*w**2 + 97*w + 150. What is f(44)?
546
Let f(t) = -t**3 - 6*t**2 + 15*t + 9. Give f(-8).
17
Let y(i) = -4*i**2 - 7*i + 7. What is y(3)?
-50
Let p(v) = 2*v**3 + 6*v**2 - 3*v + 9. Give p(0).
9
Let q(k) = -47*k + 837. Determine q(18).
-9
Let r(j) = -j**3 - 31*j**2 - 21*j + 36. What is r(-30)?
-234
Let g(t) = 26*t + 90. Calculate g(-3).
12
Let o(p) = -326*p + 620. Calculate o(2).
-32
Let y(o) = -o**3 - o**2 + 18*o - 34. What is y(2)?
-10
Let o(x) = x**2 - 2077*x + 4156. What is o(2)?
6
Let p(f) = 45*f + 140. Calculate p(-4).
-40
Let b(r) = -r**2 + 47*r - 232. Give b(43).
-60
Let p(m) = -262*m**2 + 6812*m + 5. What is p(26)?
5
Let t(a) = -6*a + 89. Calculate t(44).
-175
Let o(x) = -x**2 - 5*x + 102. Give o(-8).
78
Let k(c) = c**2 - 4*c - 34. Calculate k(7).
-13
Let v(i) = -i**2 - 8*i + 62. What is v(5)?
-3
Let x(k) = k**3 + 38*k**2 + 193*k + 2. What is x(-6)?
-4
Let q(l) = 251*l + 2020. Give q(-8).
12
Let h(k) = -599*k - 2363. Determine h(-4).
33
Let v(s) = -s**3 + 112*s**2 + 100*s + 1462. Determine v(113).
-7
Let r(p) = -4*p**2 + 2141*p + 8583. Calculate r(-4).
-45
Let v(t) = 287*t + 861. Give v(-3).
0
Let j(u) = u**3 - 43*u**2 + 159*u - 30. Give j(39).
87
Let o(a) = a**3 - 99*a**2 - 96*a - 158. What is o(100)?
242
Let s(x) = -x**3 + x**2 + 10802*x - 21599. Determine s(2).
1
Let p(q) = 5*q + 177. Determine p(-42).
-33
Let k(i) = -6*i + 173. Determine k(5).
143
Let i(t) = -2470*t - 2479. Give i(-1).
-9
Let i(g) = 45517*g - 227593. Determine i(5).
-8
Let j(k) = 71*k + 1067. Give j(-15).
2
Let s(t) = -t**3 - 14*t**2 + 7*t + 229. Give s(4).
-31
Let s(r) = -24*r**2 + 7*r - 9. Determine s(-4).
-421
Let y(g) = -g**3 - 9*g**2 - 17*g + 15. Calculate y(-7).
36
Let l(w) = -4*w**3 + 118*w**2 + 51*w + 279. Give l(30).
9
Let t(p) = 1103*p + 2226. What is t(-2)?
20
Let c(w) = 5*w**2 + 205*w - 211. Give c(-42).
-1
Let d(i) = i**3 - 21*i**2 + 42*i - 163. Give d(19).
-87
Let x(g) = 5*g**3 + 2*g**2 + 8*g - 11. Calculate x(3).
166
Let u(r) = 2*r**3 - 7*r**2 - 14*r + 10. Give u(-5).
-345
Let z(h) = -h**3 + 12*h**2 + 26*h - 323. Calculate z(7).
104
Let w(p) = p**3 - 3*p**2 - 7*p + 9. Determine w(0).
9
Let k(h) = 685*h**3 + 2*h + 1. Determine k(-1).
-686
Let j(d) = -3*d**2 + 22*d + 351. Give j(-8).
-17
Let s(j) = -2*j**3 - 115*j**2 - 68*j - 626. Calculate s(-57).
1
Let s(b) = b**3 - 40*b**2 - 234*b + 8. Determine s(-5).
53
Let q(p) = -23*p**2 + 154*p - 37. Give q(5).
158
Let v(w) = w**3 + w**2 - 35*w - 162. What is v(-5)?
-87
Let y(b) = -249*b + 10201. Determine y(41).
-8
Let m(h) = 38*h**3 + h**2 - h. Determine m(2).
306
Let d(s) = 46*s + 1108. What is d(-33)?
-410
Let x(i) = -20*i**2 - 335*i + 96. What is x(-17)?
11
Let n(l) = -114*l + 1710. Give n(15).
0
Let q(a) = 4621*a - 97062. Determine q(21).
-21
Let g(j) = -j**2 + 14*j + 684. What is g(-20)?
4
Let u(j) = 153*j + 1566. Calculate u(-10).
36
Let a(w) = 224*w**2 + 67*w - 66. Determine a(1).
225
Let z(q) = 2*q**3 + 18*q**2 + 37*q + 1. Give z(-6).
-5
Let c(u) = -34*u + 189. Calculate c(12).
-219
Let y(a) = -13*a**3 - 5*a**2 + 5*a. Determine y(1).
-13
Let c(p) = -p**2 + 93*p + 882. Calculate c(100).
182
Let t(a) = 691*a + 13124. What is t(-19)?
-5
Let b(f) = 39*f - 411. Give b(11).
18
Let z(p) = -p**3 + 16*p**2 - 31*p - 21. Determine z(9).
267
Let s(g) = 3*g**3 - 9*g**2 + 21*g - 81. Determine s(4).
51
Let x(q) = 281*q + 274. Calculate x(-1).
-7
Let l(x) = x**2 - 78*x + 844. Calculate l(66).
52
Let s(i) = i**3 + 8*i**2 - 3*i + 1. Determine s(-6).
91
Let r(g) = -10*g**2 + 78*g + 219. Give r(-3).
-105
Let q(f) = -6*f**2 - 686*f + 6401. Determine q(-123).
5
Let o(a) = -193*a + 1035. Determine o(4).
263
Let w(d) = 5*d**2 + 52*d + 47. What is w(-11)?
80
Let g(s) = 28*s**2 - 261*s - 30. Give g(7).
-485
Let i(k) = 18*k**3 - 9*k**2 + 28*k + 5. Give i(3).
494
Let k(q) = -2*q**2 + 91*q - 56. Give k(37).
573
Let y(c) = 4*c**2 - 616*c + 12480. What is y(24)?
0
Let h(i) = -479*i + 11498. What is h(24)?
2
Let x(n) = n**3 + 58*n**2 + 58*n - 142. What is x(-57)?
-199
Let s(f) = 18*f**3 - 2*f**2 + 18*f + 21. Determine s(-1).
-17
Let j(x) = -40*x**2 - 288*x - 270. Give j(-6).
18
Let y(z) = 76*z**3 - 24*z + 23. Determine y(1).
75
Let a(i) = -2*i**2 - 737*i - 6467. Calculate a(-9).
4
Let o(h) = 3*h**2 + 168*h - 313. Calculate o(-58).
35
Let h(d